ue of -3 + (10 - 23) - -8?
-8
Calculate (1 - 0 - 16) + 0 + 7 + -1.
-9
What is the value of 1 - 10 - (-5 + -7)?
3
Evaluate 22 - 7 - 36 - -15.
-6
0 + -3 - (-419 + 414)
2
What is -3 + 9 - (9 + -4)?
1
Calculate (-14 + 6 - -8 - (0 + 0)) + -8.
-8
What is (-1 - (5 - -1 - 1)) + -242 + 249?
1
Calculate (-4 - (-2 - -1)) + (-21 - (-16 - 6)).
-2
What is 4 - (6 + -21 + -5 + 3)?
21
Calculate -2 - (1 + -1 + (-10 - (-12 - -9))).
5
(1 - 2 - (-13 + (39 - 19))) + -11
-19
What is 5 + 0 + 0 - ((-1 - -1) + -6)?
11
What is the value of (-3 - -4 - -4 - 10) + 1?
-4
1 - (292 + -318 + (-6 - 1))
34
Calculate -10 + 5 - (-2 - (6 - 15) - 22).
10
What is -9 + (10 - (2 - 5 - (4 - -16)))?
24
(4 + 0 - 2) + (-14 - -18) - 1
5
What is -3 + 8 + 2 - (26 - 20)?
1
Evaluate (0 - 38) + (-50 - -22 - -39).
-27
What is -1 - (34 - 21 - 8)?
-6
Calculate 1 + 8 + (121 - 129).
1
(2 - -8) + (20 - 41) + (-1 - -16)
4
Calculate -14 - (-3 + -2) - -5 - -19.
15
Evaluate (-6 - -14) + (-15 - -4) + 27.
24
Calculate 3 + (19 - 14) + -5.
3
What is 10 + -34 + (19 - 6)?
-11
What is the value of 9 + -1 + 6 + (-64 - -56)?
6
Calculate -20 + 19 + -27 + 2.
-26
What is the value of 19 - (1 + 0) - (-104 - -112)?
10
What is 3 + (-1 + -8 - (6 - (21 - 8)))?
1
2 + (1 + -5 + -3 - -1)
-4
What is the value of 7 + -20 - -20 - 8?
-1
Evaluate (-18 - -29) + 4 + 2 + 4.
21
7 - -1 - (14 - 0)
-6
What is the value of (0 - 5) + 10 + 0?
5
(-1 - (1 - (3 - 5))) + 14 + 0
10
Evaluate 22 - (-13 + -2) - 22.
15
Evaluate (2 - (1 - -1)) + (87 - 41) + -66.
-20
Calculate 1 - 2 - (-16 + 2 + 24).
-11
0 + 1 - (-228 - -222) - -8
15
What is the value of -3 + -15 - -7 - (-5 + 3 + -2)?
-7
(42 - 11) + -46 - (-3 + 12)
-24
What is the value of (-7 - -27) + -3 + -34?
-17
What is the value of (-4 - -34) + -36 - (1 + -8)?
1
Evaluate -3 - -14 - (9 - 21 - 1).
24
(-18 + 4 - 4) + 5
-13
What is the value of (11 - (11 + 4)) + (-1 - (-22 - -2))?
15
What is the value of 2 + 1 + (-1 + 1 + 3 - 16)?
-10
Evaluate -6 - 8 - (-1 + 7) - 12.
-32
Evaluate 4 + 18 + 9 - ((4 - 1) + 0).
28
(-12 - (-4 - (-8 + 12))) + -5 + 31
22
What is -17 + (9 - (-7 + (3 - -6) + 3))?
-13
Calculate (-594 - -597) + (-2 - 22).
-21
What is the value of (1 + (-5 - -4) - 1) + -124 + 130?
5
Evaluate -1 - (-3 - 0 - (-1 - -8) - 8).
17
What is the value of -2 + 3 + 3 - -6?
10
What is the value of -527 + 536 - (2 - (1 + (-31 - 1)))?
-24
What is the value of (10 - (8 - 10)) + -6 + -32?
-26
What is the value of (1 - -2 - 4) + -5 + -7 + 8?
-5
1 + 12 - (-48 + 50) - 2
9
(-11 - -28 - 17) + 14
14
What is 11 + 16 + -65 + 15?
-23
Calculate -4 + 7 - 0 - (-5 + -18) - 1.
25
95 + -89 + (-1 - -6)
11
Calculate 5 + -4 + 1 + (1 - (8 - -7)).
-12
Evaluate -12 + -35 + 36 + 21 + 1.
11
What is the value of 7 + (0 - 20) + -5?
-18
15 + -23 + (8 - 2)
-2
What is the value of 16 + 5 - -3 - (-9 - -13 - 6)?
26
Calculate 4 + -10 + (16 - 3) - (-1 + 3).
5
What is 9 - (7 + -2 + -1)?
5
What is the value of -2 + -1 + -1 + -2 + 8 + -20?
-18
What is the value of (-15 - -43 - -21) + -26?
23
What is the value of -8 + -15 - 3 - -43?
17
Evaluate 1 + -14 + 25 + -28.
-16
308 - 299 - (-2 + 1 + 24)
-14
What is -13 + -7 + (-42 - -57)?
-5
Evaluate (3 + 9 + -15 - -9) + 10.
16
-6 + -3 + (-1 - -6) + -20 + 9
-15
-33 - (-16 + -18) - (2 + 0)
-1
Calculate (-7 - -17 - 11) + -5.
-6
(1 + 0 - 9) + (84 - 68)
8
What is the value of (6 + 1 - 4 - 6 - 0) + -2?
-5
Evaluate -21 + 0 + -16 - -10.
-27
Calculate (-1 - 6) + -8 - 0.
-15
What is the value of 2 + (0 - -2) - -1?
5
What is the value of (6 - 16) + (6 - -4)?
0
What is the value of 7 + -24 - (-7 - (5 - 5))?
-10
What is the value of (11 - (2 + 7 + 4)) + 12?
10
Evaluate (1 - (-6 + 2)) + -22 + -15 + 7.
-25
Evaluate 15 - (18 + 3 - -9) - -3.
-12
What is (-15 - -7 - 5) + 17 - (-1 - -14)?
-9
Calculate 16 + (-16 - (-9 + 14 - -1)).
-6
Calculate 6 + -1 - 1 - (954 - 968).
18
Evaluate 7 - (-62 - -32 - -30).
7
What is the value of 0 + -6 - -5 - 2 - (2 + -6)?
1
What is the value of 160 - 154 - (1 - -2)?
3
Calculate (-22 - -45 - 3) + -14.
6
Evaluate -6 - ((18 - (-4 + 8)) + -1 + -1).
-18
Calculate -86 + 88 - (-1 + 1 + -20).
22
30 + 13 + (26 - 72)
-3
Calculate 6 + 5 + 1 + -10.
2
What is -8 - (-2 + 5 - 0 - (32 - 19))?
2
Calculate -5 - (13 + -13 - -10).
-15
What is 7 + -5 + (6 - (7 - 5)) - -4?
10
What is (5 - (24 - 47)) + -33?
-5
Evaluate 22 + (-25 + 15 - (3 + -11 + 1)).
19
What is -3 + 10 + -4 + -2 + -7?
-6
What is the value of (-2 - -7) + (14 - (5 - 3))?
17
Evaluate -11 + (5 - (-18 + 15)) - -15.
12
Evaluate -6 - (-9 + 37 + -16).
-18
Evaluate 42 + (-2 - -4) - (-10 + 24).
30
What is 18 + (-1 + 1 - (0 + -5 + 9))?
14
Calculate (37 - (41 + -13)) + (-10 - -1).
0
Evaluate (-11 - 0 - -7 - -16) + 0.
12
Calculate -17 + (15 - (19 - 20)).
-1
What is -21 + (16 - 5) + -1 + (1 - 1)?
-11
What is -10 - ((11 - -8) + -12 - (-1 - -8))?
-10
Calculate -11 + 13 + -23 - -13.
-8
(0 - 4 - -4) + (4 - 4) + 4
4
Evaluate (28 - -6) + -15 + 10 - 17.
12
(343 - 339) + -31 + -1
-28
(-4 - -2) + (-16 - (-5 + -7))
-6
Calculate (-4 - (-2 + -4)) + 2 + -1.
3
Calculate 1 - 0 - 4 - (-10 + 4 + -7).
10
-5 - (-2 + 3 + -2 + (-43 - -23))
16
Evaluate -1 - -21 - (11 + -16 - -10).
15
Calculate (-2 - -11) + (-4 + -7 - -15) + -8.
5
Calculate 12 + (-2 - (16 + -6)).
0
What is 9 + (-15 - -22 - (22 - 1))?
-5
What is the value of 27 - 19 - (-20 - -49)?
-21
Calculate (-58 - -37 - (2 - 0)) + 12.
-11
Calculate 4 + -8 + 5 + 0 + -9 - -8.
0
Evaluate (0 - -12 - 17) + 12 - 30.
-23
What is the value of (4 - -11) + -3 + 3 + -6 + 1?
10
Evaluate (-12 - (4 - 4)) + 180 + -184.
-16
Evaluate -13 - (-7 + 11 + 0 - 13).
-4
20 + (-16 - (-8 - 3))
15
Calculate -10 + 16 + (0 - 38) + 1.
-31
What is (-3 + 1 - 5) + (-2 - 17) + 19?
-7
What is the value of -480 + 463 + (9 - 1)?
-9
What is the value of 20 - (23 + -11 - 0)?
8
Evaluate (-15 + 2 - 7) + 12 + (4 - 2).
-6
What is -15 + 1 - (21 + -17) - (11 - 15)?
-14
Evaluate 1 - (0 + (-1 - 3)) - (26 + -3).
-18
What is the value of (-52 - -45) + 9 + 19?
21
Calculate -23 - (6 - (3 + 1)) - (-251 - -248).
-22
24 - (3 + -4 + 32 + -20)
13
Calculate 12 + -7 + 1 + (0 - 5) + 8.
9
What is the value of (6 - (-11 + 8 + -1)) + 0?
10
Calculate (-2 - (-3 + -2 - 1)) + 8.
12
Evaluate 3 - ((1 - -3) + (3 - 8) + 5).
-1
What is the value of (-153 + 153 - ((-2 - 0) + 0)) + 12?
14
2 + -4 - (-17 - (-21 + 9))
3
What is -34 + -34 + 100 + -22?
10
What is 11 - -10 - 36 - -32?
17
(21 - 41) + -28 - -26
-22
-4 + (56 - 59) + (-2 - -11)
2
What is the value of 3 + (2 - 3) + 1 + 69 + -95?
-23
(-37 + 32 - (-2 + 3)) + 19
13
(16 + -1 - 3) + -13 + 8
7
What is the value of 26 + -25 + -20 - -8?
-11
What is the value of (-3 + (4 - 10) - (-2 + 0)) + -10?
-17
What is (-6 - (27 - (4 - (7 - -2)))) + 12?
-26
Evaluate 12 - (15 + 7) - (-5 + -1).
-4
Evaluate 5 + (5 - (-1 - -4 - -1)) + -4.
2
0 + -12 + (39 - (16 + 22))
-11
Evaluate (3 - (-1 + 5)) + -4 + 12 - 12.
-5
Calculate -11 + 16 - (47 + -4 - 0).
-38
What is the value of 15 + -4 - (35 - 29) - 16?
-11
What is (-15 + 38 - -19) + -68?
-26
Evaluate 30 + 0 + 3 + 11 + -5 + -1.
38
-13 + -3 + 26 + -11
-1
-8 - (5 + -3) - (-3 - 1) - 8
-14
Evaluate -12 + (11 + 1 + -13 - (-3 - 1)).
-9
Evaluate (3 + -19 - -5) + 3 + 1.
-7
What is the value of (133 - (-72 + 203)) + 1 + 0 + 4?
7
What is -10 + 19 + 13 - 13?
9
What is 4 - (8 + -1) - -17 - 25?
-11
What is 4 + (-5 + 1 - -6) + -20?
-14
What is the value of 35 + -55 - (-13 - -10)?
-17
What is the value of -21 + 13 + (14 - 15) + -10?
-19
What is 39 + -74 + 25 + 23?
13
-316 + 327 + -3 + 20
28
Calculate 6 + -46 + 19 + -15.
-36
Calculate 13 + (0 + (4 - 4) - -3).
16
Calculate (14 - (24 - (8 + 7))) + -16 + -1.
-12
10 - -9 - (2 - -11)
6
147 + -149 - (1 - 14)
11
What is 1 - (24 - 19 - 10 - (-21 + 0))?
-15
Evaluate -67 + 11 + 30 - -31.
5
-5 - (-36 + 34 + -4 + 1)
0
(-28 - -14) + 13 - (-1 - 2 - -9)
-7
Evaluate -11 + 8 + (10 + -13 + -1 - 12).
-19
What is the value of (-10 - -4) + 4 - (3 - (5 - 1))?
-1
Evaluate -28 + -11 + 8 + 39.
8
(-4 + 22 + -8 - 16) + 9
3
Evaluate (14 + -1 - (-2 + 22)) + -2 + 14.
5
What is -2084 + 2080 - ((-4 - -2 - 22) + -1)?
21
What is -9 + 0 + 1 - (151 - 167) - 12?
-4
What is -4 + -2 - -15 - (-5 - -5)?
9
Evaluate -10 - (22 - 15) - -17.
0
Evaluate 28 + (7 - 3) + (-11 - (-11 + 7)).
25
What is 42 - -1 - (-1436 - -1452)?
27
Evaluate 4 + 12 - (166 + -144).
-6
Evaluate (-10 - (7 + -10)) + (-14 - (-51 - -14)).
16
What is -7 + -25 - -